hen 36969691 is divided by 18484824.
43
Calculate the remainder when 1441701 is divided by 84.
9
What is the remainder when 272177 is divided by 270807?
1370
What is the remainder when 9226589 is divided by 8?
5
What is the remainder when 39455 is divided by 1011?
26
Calculate the remainder when 878868 is divided by 612.
36
Calculate the remainder when 2360158 is divided by 3481.
40
Calculate the remainder when 2079054 is divided by 2328.
150
What is the remainder when 145411 is divided by 18168?
67
What is the remainder when 25157 is divided by 6501?
5654
What is the remainder when 123223 is divided by 40690?
1153
Calculate the remainder when 9833782 is divided by 29.
27
What is the remainder when 44199 is divided by 10946?
415
Calculate the remainder when 548274 is divided by 748.
738
What is the remainder when 13203525 is divided by 1913?
1912
Calculate the remainder when 1255937 is divided by 516.
509
Calculate the remainder when 3113714 is divided by 311.
293
Calculate the remainder when 6755525 is divided by 2159.
14
Calculate the remainder when 715218773 is divided by 569.
567
Calculate the remainder when 2649445 is divided by 67934.
19
Calculate the remainder when 65409 is divided by 89.
83
Calculate the remainder when 211667759 is divided by 7312.
7295
What is the remainder when 145552592 is divided by 100?
92
Calculate the remainder when 7817646 is divided by 391.
383
Calculate the remainder when 7457757 is divided by 82.
21
What is the remainder when 241167 is divided by 9250?
667
What is the remainder when 46859 is divided by 168?
155
What is the remainder when 105729 is divided by 537?
477
Calculate the remainder when 2865352 is divided by 197.
184
What is the remainder when 1175403 is divided by 914?
913
What is the remainder when 44882713 is divided by 5403?
5395
Calculate the remainder when 8371 is divided by 8078.
293
Calculate the remainder when 223853 is divided by 2953.
2378
What is the remainder when 401939 is divided by 80167?
1104
What is the remainder when 563381 is divided by 187762?
95
What is the remainder when 82228 is divided by 16430?
78
What is the remainder when 219753523 is divided by 337563?
10
Calculate the remainder when 575404 is divided by 409.
350
What is the remainder when 17524267 is divided by 5841419?
10
Calculate the remainder when 201458088 is divided by 1179.
0
Calculate the remainder when 38119492 is divided by 151.
146
Calculate the remainder when 6852319 is divided by 160.
159
What is the remainder when 4016039 is divided by 294?
293
What is the remainder when 452762 is divided by 18068?
1062
What is the remainder when 27556 is divided by 3540?
2776
What is the remainder when 527677 is divided by 306?
133
Calculate the remainder when 20459 is divided by 10051.
357
Calculate the remainder when 901241 is divided by 247.
185
What is the remainder when 441743 is divided by 781?
478
Calculate the remainder when 174715998 is divided by 25.
23
What is the remainder when 58446 is divided by 8019?
2313
Calculate the remainder when 30817874 is divided by 155.
154
What is the remainder when 25674711 is divided by 14?
13
What is the remainder when 68594 is divided by 8556?
146
Calculate the remainder when 169323 is divided by 40419.
7647
What is the remainder when 433668 is divided by 36139?
0
What is the remainder when 35759277 is divided by 993313?
9
What is the remainder when 600450 is divided by 246?
210
Calculate the remainder when 24014236 is divided by 8004716.
88
Calculate the remainder when 3480240 is divided by 39.
36
What is the remainder when 550494 is divided by 28973?
7
Calculate the remainder when 169946 is divided by 1321.
858
Calculate the remainder when 8460894 is divided by 806.
312
Calculate the remainder when 2363365 is divided by 1305.
10
Calculate the remainder when 353309 is divided by 176641.
27
Calculate the remainder when 616153 is divided by 3588.
2605
What is the remainder when 1009838 is divided by 7536?
14
Calculate the remainder when 980147 is divided by 980065.
82
What is the remainder when 155925 is divided by 1075?
50
Calculate the remainder when 2927454176 is divided by 22.
20
What is the remainder when 489883 is divided by 25745?
728
Calculate the remainder when 93876 is divided by 326.
314
What is the remainder when 69476957 is divided by 17?
14
What is the remainder when 169687012 is divided by 201?
199
Calculate the remainder when 11072 is divided by 2132.
412
Calculate the remainder when 1707258 is divided by 229.
63
Calculate the remainder when 1225375 is divided by 23558.
359
Calculate the remainder when 92618 is divided by 5145.
8
What is the remainder when 38423157 is divided by 1215?
1212
What is the remainder when 12261387 is divided by 163485?
12
What is the remainder when 1809443 is divided by 452169?
767
What is the remainder when 88978025 is divided by 19?
18
Calculate the remainder when 51546 is divided by 1832.
250
What is the remainder when 485432 is divided by 17?
14
Calculate the remainder when 623968667 is divided by 1476.
1475
What is the remainder when 332973 is divided by 166439?
95
Calculate the remainder when 6165093 is divided by 8.
5
Calculate the remainder when 962154 is divided by 238409.
8518
Calculate the remainder when 38073 is divided by 356.
337
What is the remainder when 75766 is divided by 616?
614
Calculate the remainder when 1730404 is divided by 1545.
4
Calculate the remainder when 719045 is divided by 28.
5
What is the remainder when 182305790 is divided by 496?
494
Calculate the remainder when 308109 is divided by 2699.
423
Calculate the remainder when 1884895 is divided by 627893.
1216
Calculate the remainder when 28391 is divided by 8803.
1982
Calculate the remainder when 112950956 is divided by 2314.
2302
Calculate the remainder when 286524 is divided by 70104.
6108
Calculate the remainder when 8832 is divided by 2182.
104
What is the remainder when 1497584 is divided by 498457?
2213
Calculate the remainder when 201416 is divided by 7813.
6091
Calculate the remainder when 2501459 is divided by 842.
719
What is the remainder when 393563 is divided by 1?
0
Calculate the remainder when 3885482 is divided by 1941.
1541
What is the remainder when 513895 is divided by 116?
15
What is the remainder when 455088 is divided by 529?
148
What is the remainder when 4725126 is divided by 41?
40
Calculate the remainder when 34159 is divided by 90.
49
Calculate the remainder when 2045249 is divided by 208.
193
What is the remainder when 12112 is divided by 4725?
2662
Calculate the remainder when 292657 is divided by 4190.
3547
Calculate the remainder when 12220 is divided by 5111.
1998
What is the remainder when 6036844 is divided by 1009?
1006
Calculate the remainder when 804436986 is divided by 72.
66
What is the remainder when 12951077 is divided by 364?
321
What is the remainder when 156164 is divided by 882?
50
Calculate the remainder when 16431930 is divided by 782471.
39
Calculate the remainder when 11951320 is divided by 12.
4
Calculate the remainder when 34755 is divided by 541.
131
Calculate the remainder when 1796882 is divided by 1166.
76
What is the remainder when 51914 is divided by 3036?
302
Calculate the remainder when 341240 is divided by 83774.
6144
What is the remainder when 74980834 is divided by 3532?
6
Calculate the remainder when 133345122 is divided by 44.
42
Calculate the remainder when 51903 is divided by 1639.
1094
Calculate the remainder when 1882781 is divided by 411.
401
Calculate the remainder when 66432266 is divided by 781556.
6
What is the remainder when 275688 is divided by 34436?
200
Calculate the remainder when 234787 is divided by 1276.
3
What is the remainder when 390775 is divided by 31810?
9055
Calculate the remainder when 3350463 is divided by 211.
205
What is the remainder when 7050983 is divided by 7050948?
35
Calculate the remainder when 26718377 is divided by 2428941.
26
Calculate the remainder when 41926 is divided by 39173.
2753
What is the remainder when 11293214 is divided by 1454?
1450
Calculate the remainder when 7548573 is divided by 3763.
3758
Calculate the remainder when 14268445 is divided by 424.
421
What is the remainder when 118826694 is divided by 626?
0
What is the remainder whe